ose 5*c = -2*p + 119, c - 281 + m = -5*p. Suppose -z - p = -w, 0*z + 235 = 5*w - z. What are the prime factors of w?
47
Suppose 0 = -2*j - l + 12, 4 = -4*j + 9*j - 4*l. Suppose j*i - 547 = 1577. List the prime factors of i.
3, 59
Let y be (3/(-9))/(-4 + 46/12). Let m(a) = a**3 + 0*a**3 + 209*a - 16*a**y - 10 - 201*a. What are the prime factors of m(16)?
2, 59
Suppose 3 = -11*c + 47. What are the prime factors of -1239*((-3)/27 - c/18)?
7, 59
Let b(c) = -c**3 + 14*c**2 + 4*c + 25. Let l be b(14). Let g = 504 - l. List the prime factors of g.
3, 47
Suppose -19*m - 4*k + 180 = -23*m, 2*k = 3*m + 134. Let n(v) = -24*v - 195. What are the prime factors of n(m)?
3, 7, 41
Let x = 14693 + 24397. What are the prime factors of x?
2, 3, 5, 1303
Let u be ((-3)/(-4))/(2 - 119/56). Let l be (3/u*0)/1. Suppose 8*y - 9*y + 4*r + 168 = l, 5*y - 874 = 3*r. List the prime factors of y.
2, 11
Let w(v) = -8*v + 10. Let q(c) = -7*c + 9. Let f(x) = 5*q(x) - 4*w(x). Suppose u = 3*u + 3*l + 3, -4*l = -5*u - 19. What are the prime factors of f(u)?
2, 7
Suppose -845134 = -24*o + 90626. List the prime factors of o.
2, 5, 7, 557
What are the prime factors of (0 - 223)/((-37415)/6230 + (-24)/(-4))?
2, 89, 223
Let w be (5 - 3)*(-21)/(-3). Let q be (-113)/(-2) + (-7)/w. What are the prime factors of (18/8)/(1 - 53/q)?
2, 3, 7
Suppose -11*z = -251 - 13367. Let c = 2278 - z. List the prime factors of c.
2, 5, 13
Suppose 3*v - o = 4574, 3*o = -8*v + 10*v - 3047. Let g = -798 + v. What are the prime factors of g?
727
Let u = -2 - -2. Let r(y) = 4*y**2 + 2*y + 30. Let z(k) = 3*k**2 + 2*k + 29. Let t(h) = -2*r(h) + 3*z(h). List the prime factors of t(u).
3
Let w(j) = -j**2 + 28*j + 64. Let c be w(30). Suppose c*d + 886 = 3*m, 3*m = -d + 3*d + 878. List the prime factors of m.
2, 5, 29
Let q = 42 + -38. Suppose -q*a + 9*a = 0. Suppose -w - 3*d + 7*d = -14, 5*w - 2*d - 124 = a. What are the prime factors of w?
2, 13
What are the prime factors of 4 - (535/(-214) - (1 - (-29997)/2))?
2, 3, 41, 61
Let d(c) = -21*c + 2. Let m(x) = x**2 + 3*x - 1. Let b be m(-3). Let z be d(b). Let h = -14 + z. List the prime factors of h.
3
Suppose -14*r = -2284 - 348. Suppose -138*w = -134*w - r. What are the prime factors of w?
47
Let g = -40001 - -75307. What are the prime factors of g?
2, 127, 139
Let u = 79 + -74. Let h be (24/20*u + 0)*-10. Let l = h - -154. What are the prime factors of l?
2, 47
Let u be (-6)/(-27) + (-244)/(-36). Let v = 234 - u. List the prime factors of v.
227
Suppose 3*q = -2*u + 19, -u = 2*q + 3 - 17. Let t be (q/6)/(7/14). Suppose -t*v + 348 = v. What are the prime factors of v?
3, 29
Let x = 129 + -127. List the prime factors of (-115)/(-69) - (x + 5052/(-9)).
3, 11, 17
Let m(z) = -z + 5620 - 5*z + 5622 - 11227 - 2*z. Let l(p) = -p**2 + 3*p. Let a be l(5). What are the prime factors of m(a)?
5, 19
List the prime factors of 36054/(((10/12)/5)/((-7)/(-84))).
3, 2003
Suppose 2*k + k - 3125 = -2*v, 0 = -5*v + 5*k + 7800. Suppose -3*w - 5*f + v = -883, 3*f = 2*w - 1661. List the prime factors of w.
823
Let q be (-1 + 8 + -4)*(-40)/6. What are the prime factors of 3554/7 - 3 - q/70?
5, 101
Suppose 124775 = 2*u - 2*l + 3199, 4*u + 3*l - 243110 = 0. What are the prime factors of u?
2, 30391
Suppose -8*r = -3413 - 6307. Suppose u + 4*u = r. Suppose 305 + u = 4*f - 4*i, f + 4*i = 117. List the prime factors of f.
7, 19
Suppose 38267 - 2402291 = -52*m. List the prime factors of m.
2, 3, 7577
Suppose 6 = -163*y + 164*y. List the prime factors of 409 + 5/(-5) + y.
2, 3, 23
Let s(d) = 99*d + 5686. List the prime factors of s(115).
43, 397
Suppose -89*k = 2*z - 85*k - 13636, 0 = 3*z - k - 20461. What are the prime factors of z?
2, 5, 11, 31
Let t(v) = -v**3 + 22*v**2 + 33*v - 70. Let b(l) = -l**3 + 19*l**2 + 42*l + 22. Let y be b(21). List the prime factors of t(y).
2, 41
Suppose -65*p + 479549 = -509881. What are the prime factors of p?
2, 3, 43, 59
Suppose v - p = 9193, 45962 = -3*v + 8*v - 4*p. List the prime factors of v/70 - 2/7.
131
Let a be (-842)/(((-1)/(-11))/((-5)/(-10))). Let s = -3170 - a. What are the prime factors of s?
3, 487
Let u(b) = -b**3 - 7*b**2 + b + 5. Let y be u(-7). Let s be -1*3/y*2. Suppose 348 = 7*k - s*k. What are the prime factors of k?
3, 29
Suppose 43*o - 41*o + 12 = 0. List the prime factors of -1*(-10346)/(-35)*15/o.
739
Suppose -3*x - 5*x + 2512 = 0. Let s = x - 94. List the prime factors of s.
2, 5, 11
Let k = -15 - -19. Suppose q = 2*q + 2, -2*p - k*q + 938 = 0. List the prime factors of p.
11, 43
Let c(y) = y**3 + 15*y**2 - 28*y - 21. Let l be c(-17). Let q = -82 - l. What are the prime factors of q?
41
Let u(f) = 2*f + f**2 + f**3 - 3*f - 6 - 8*f + 5*f. Let h be u(-5). Let v = h + 209. List the prime factors of v.
3, 41
Let p(n) = -247*n + 203. List the prime factors of p(-46).
3, 5, 257
Let i(r) = -2*r**2 - 6*r - 1. Let g be i(-2). Suppose -2*z + 1117 = g*n, 3*n + 4*z = 627 + 500. What are the prime factors of n?
3, 41
Let v(h) = h**2 - 12*h + 11. Let p be v(12). Let m be 7/7 - -1*p. List the prime factors of (0 - m/(-4)) + 44.
47
What are the prime factors of (1336/24)/(24020/(-8010) + 3)?
3, 89, 167
Suppose -5*q = -d + 25, -5*q - 7 = 4*d - 32. Let n(h) = 71*h + 69. What are the prime factors of n(d)?
19, 41
Let m(s) = 15*s + 23. Suppose -12*x + 10*x = -18. Let w be m(x). Let c = -34 + w. What are the prime factors of c?
2, 31
What are the prime factors of 264/572 - 69232/(-13)?
2, 2663
Let n = -3575 + 6740. List the prime factors of n.
3, 5, 211
Let p(l) = l**3 + 7*l**2 - l - 9. Let w be p(-7). Let u be 1*w + (-1 + 4)*2. What are the prime factors of 91 + -3 + u - 1?
7, 13
Suppose -5*p = -2*v + 4, -4 = p - 4*p - 2*v. Suppose p = 4*k - 2*k - 3*g, -k + 5*g = 0. Suppose 22*y - 19*y - 222 = k. What are the prime factors of y?
2, 37
Let c(l) = 5*l**2 + l + 1266. Let i be ((-9)/6)/((-18)/(-24)) - -2. List the prime factors of c(i).
2, 3, 211
Suppose -23*q + 72 = -19*q. Let c(j) = 11*j - 8*j - 33 - 48 + 16*j. List the prime factors of c(q).
3, 29
Let h(b) = 42*b**2 - 66*b - 1241. List the prime factors of h(-14).
5, 1583
Let v be (-3)/(-15) + 148/10. Suppose -7*t = -2*t - 5*d - 40, 3*d + v = 0. Suppose 852 = t*p - 0*p. List the prime factors of p.
2, 71
Let a(c) = c**3 - 116*c**2 - 129*c + 649. What are the prime factors of a(119)?
13, 2137
Let m = 1997 + -1764. List the prime factors of m.
233
Let r = 66430 - 28213. What are the prime factors of r?
3, 12739
Let b = -111277 + 163616. List the prime factors of b.
7, 7477
Suppose 0 = 5*q - 15090 - 23805. List the prime factors of q.
3, 2593
Let l(a) = a + 23. Let o(b) = 22. Let r(t) = -3*l(t) + 4*o(t). Let s be r(8). Let d = s + 94. What are the prime factors of d?
89
Let c(f) = 2*f**3 + 48*f**2 + 49*f + 71. Let z be c(-23). Suppose -1056 = -z*p + 1036. List the prime factors of p.
2, 523
Let u be (56/168)/((-2)/(-36)). Suppose 8*w - u*w = -3*k + 2212, w = 3*k - 2215. List the prime factors of k.
2, 3, 41
Suppose 24*a = -5*a + 41613 + 17286. What are the prime factors of a?
3, 677
Let p(s) = 5*s + 32. Let g be p(-6). Let w be ((-356)/(-8))/(g/24). Let u = w - 360. List the prime factors of u.
2, 3, 29
Suppose -2*h - 1887 = -5*q, -3*h = -5*q + 1365 + 518. Suppose -5*z - 2*t = q - 2269, 3*z - 3*t - 1155 = 0. List the prime factors of z.
2, 5, 19
Suppose 0 = -58*a - 378*a + 15367692. List the prime factors of a.
3, 31, 379
Let h(u) = -3*u**2 - 9*u - 9. Let b be h(-2). Let k(s) = -33*s**3 - s**2 + 6*s - 1. List the prime factors of k(b).
863
Let w(i) = -4*i**3 - 9*i**2 + 12*i + 35. What are the prime factors of w(-8)?
17, 83
Let x(a) = -65 + 114*a - 12*a - 107. List the prime factors of x(6).
2, 5, 11
Let x(y) = -y**3 - 3*y**2 - 67*y - 52. List the prime factors of x(-17).
3, 29, 59
Let q(n) = 17*n**2 - n + 297. What are the prime factors of q(20)?
3, 7, 337
Suppose 5*c = -4*n + 64783, -3*n + 2*c + 245 = -48348. What are the prime factors of n?
3, 5399
Let n be (-3*2)/(10/40). Let q be (16/n)/(4/42). Let w(o) = -6*o + 8. What are the prime factors of w(q)?
2, 5
Let q(b) = -9*b**3 - b**2 - 17*b + 25. List the prime factors of q(-6).
5, 11, 37
Let i be 1/(-2) + (26/4)/13. Suppose i = 105*l - 104*l - 157. Suppose 2*h - 571 = -l. List the prime factors of h.
3, 23
Let y(t) = -t**3 + 13*t**2 - 10*t + 6. Let w